8)?
-2422
Let x(v) = 891*v + 246. Determine x(0).
246
Let g(j) = -2*j**2 - 168*j + 5372. Determine g(-111).
-622
Let g(j) = 39*j**3 + 261*j**2 - 108*j - 164. Give g(-7).
4
Let w(d) = -4*d**3 + 2392*d**2 - 2398*d + 5965. Give w(597).
-5
Let g(d) = -8*d**3 + 8*d**2 - 492*d - 2477. Calculate g(-5).
1183
Let p(w) = -8753*w - 560185. What is p(-64)?
7
Let n(r) = 8034*r + 24041. Determine n(-3).
-61
Let a(u) = -349*u**2 + 1042*u - 89. Determine a(3).
-104
Let d(c) = 56*c**2 + 188*c - 1040. Calculate d(3).
28
Let m(t) = -t**3 + 11*t**2 + 68*t - 859. Determine m(11).
-111
Let m(i) = 2083*i + 14895. Give m(-7).
314
Let h(d) = -212*d - 11741. Give h(-59).
767
Let o(k) = -8646*k - 164276. Give o(-19).
-2
Let n(m) = -19482*m + 78004. Calculate n(4).
76
Let m(o) = 62*o**2 - 1903*o + 5724. Determine m(3).
573
Let f(v) = 10*v**2 - 1777*v + 8613. Determine f(5).
-22
Let w(k) = k**3 + 449*k**2 - 20*k + 193474. What is w(-450)?
-26
Let d(c) = -55145*c - 661704. Determine d(-12).
36
Let h(i) = i**3 + 24*i**2 - 38*i - 275. What is h(-12)?
1909
Let k(l) = -2398*l + 1064843. Calculate k(444).
131
Let m(q) = 3*q**3 + 453*q**2 + 5*q + 150. Calculate m(-151).
-605
Let j(m) = m**3 + 2923*m**2 - m - 1285. Determine j(0).
-1285
Let t(c) = 2*c**3 - 64*c**2 - 318*c + 10090. Give t(32).
-86
Let n(o) = 12*o**3 - 108*o**2 - 8360*o + 75159. Give n(9).
-81
Let r(d) = 20042*d - 4349107. Calculate r(217).
7
Let q(l) = -l**2 - 11860*l + 368627. Determine q(31).
6
Let h(k) = 509763*k - 4587866. Determine h(9).
1
Let d(m) = m**3 + 25*m**2 + 70*m - 719. Calculate d(-20).
-119
Let r(w) = -377*w**3 - 18*w**2 - 61*w - 44. Determine r(-2).
3022
Let x(l) = -6*l**2 + 1539*l + 1543. Determine x(-1).
-2
Let y(l) = 98*l**2 + 2467*l - 24. Calculate y(-24).
-2784
Let q(y) = y**2 + 351*y + 29395. Determine q(-122).
1457
Let c(q) = q**3 + 904*q**2 - 4538*q - 79. Calculate c(5).
-44
Let y(u) = 2*u**2 - 99*u - 4320. What is y(-28)?
20
Let x(p) = 1060*p + 45580. Determine x(-43).
0
Let m(i) = 2*i**3 + 90*i**2 + 584*i + 1935. Calculate m(-38).
-41
Let n(j) = 1566825*j + 21935544. Give n(-14).
-6
Let l(k) = 2*k**3 + 32*k**2 - 79*k + 115. What is l(-18)?
241
Let a(h) = 261*h - 1919. Calculate a(5).
-614
Let w(t) = t**2 - 5609*t - 209. Give w(0).
-209
Let g(j) = -526*j - 24810. What is g(-49)?
964
Let g(b) = 8*b**3 - 10*b**2 - 241*b + 28. What is g(-5)?
-17
Let u(m) = 164*m**2 - 136*m - 153. Calculate u(-1).
147
Let n(y) = -10*y**3 - 196*y**2 + 34*y + 687. Calculate n(-19).
-2125
Let r(l) = -50*l**2 - 4828*l + 7053. What is r(-98)?
-3
Let a(y) = -65938*y + 1054992. Give a(16).
-16
Let c(t) = -293590*t + 17908985. Give c(61).
-5
Let n(m) = 2242*m - 2100526. Determine n(937).
228
Let p(h) = -403088*h + 3627775. Determine p(9).
-17
Let t(u) = -u**3 + 137*u**2 + 300*u - 1991. Give t(139).
1067
Let g(t) = 1273*t - 178. Determine g(-1).
-1451
Let x(u) = 12179*u + 194863. What is x(-16)?
-1
Let j(o) = -526*o - 490. Calculate j(-1).
36
Let a(p) = -13*p**2 - 102921*p + 617993. Give a(6).
-1
Let h(u) = -7*u**2 - 48*u - 226. Determine h(-3).
-145
Let w(x) = 2*x**3 + 9*x**2 - 45*x - 2. What is w(-9)?
-326
Let o(k) = 2*k**3 - 1439*k**2 - 4332*k + 4. What is o(-3)?
-5
Let n(x) = 6*x**3 - 25*x**2 + 96*x + 392. What is n(6)?
1364
Let r(h) = 37*h**2 - 94*h + 287. Calculate r(3).
338
Let i(n) = 7*n**2 + 5032*n + 87631. Determine i(-701).
6
Let x(q) = -4*q - 817. Calculate x(27).
-925
Let r(g) = -g**3 - 209*g**2 + 124*g + 25901. Determine r(-209).
-15
Let n(x) = x**3 - 193*x**2 + 18*x - 3518. Calculate n(193).
-44
Let o(p) = 2*p**3 - 54*p**2 - 570*p - 59. What is o(-8)?
21
Let a(p) = 9645*p - 29135. What is a(3)?
-200
Let y(t) = 2*t**2 - 583*t + 14480. Calculate y(264).
-40
Let o(w) = 47*w**2 + 2539*w + 308. Determine o(-54).
254
Let m(f) = -691*f - 51963. What is m(-75)?
-138
Let l(b) = b**3 - 22*b**2 + 28*b - 496. Give l(21).
-349
Let a(n) = -58155*n + 19. What is a(0)?
19
Let d(q) = 814*q**2 - 37440*q - 129. Give d(46).
55
Let b(q) = 7*q**2 + 1672*q + 62110. Calculate b(-46).
10
Let f(t) = -1012*t - 527208. Determine f(-521).
44
Let a(j) = 389*j - 21987. What is a(57)?
186
Let v(i) = 78038*i + 78029. Give v(-1).
-9
Let d(r) = 3*r**3 - 116*r**2 - 35*r + 274. What is d(39)?
430
Let h(m) = 25*m**2 + 6023*m - 18777. Determine h(-244).
11
Let i(g) = -24*g**2 - 315*g + 328. Calculate i(1).
-11
Let o(f) = f**2 + 403939*f + 2019662. Give o(-5).
-8
Let j(q) = -23836*q**2 - 166862*q - 71. Determine j(-7).
-1
Let f(w) = 2*w**3 + 286*w**2 - 568*w - 120978. Calculate f(-142).
6
Let z(k) = -16193*k + 14. Give z(0).
14
Let q(o) = -2019*o - 18043. Calculate q(-9).
128
Let a(g) = g**3 + 72*g**2 - 579*g - 8572. Determine a(-78).
86
Let o(z) = -z**3 - 30*z**2 + 1534*z - 2045. What is o(26)?
-17
Let y(i) = -5205*i + 864064. Calculate y(166).
34
Let v(j) = 2*j**3 - 858*j**2 - 1016*j + 435869. Determine v(429).
5
Let s(f) = -1267*f - 864096. Determine s(-682).
-2
Let u(y) = 18*y**2 - 1887*y - 67. Give u(105).
248
Let s(o) = -2*o**2 - 22727*o + 90931. Calculate s(4).
-9
Let t(r) = -32052*r + 897453. Calculate t(28).
-3
Let y(p) = 172*p**2 - 641*p - 1280. What is y(-2)?
690
Let x(g) = 401*g**2 - 13630*g - 121. Determine x(34).
15
Let a(b) = -10*b**2 + 229*b - 730. What is a(19)?
11
Let h(f) = 535872*f - 10717506. Calculate h(20).
-66
Let f(z) = 7*z**2 + 58273*z + 524393. Give f(-9).
503
Let z(l) = 122*l + 380. Determine z(-2).
136
Let h(u) = -u**3 + 88*u**2 - 711*u - 15282. Determine h(76).
-6
Let f(b) = -2*b**2 - 16*b - 372. Give f(-19).
-790
Let k(l) = -l**2 + 2614*l + 36860. Give k(-14).
68
Let h(q) = -3*q**2 - 3799*q - 41494. Determine h(-11).
-68
Let i(l) = 3*l**2 + 211*l + 741. What is i(-67)?
71
Let m(u) = -u**3 + 25*u**2 - u - 384. What is m(23)?
651
Let y(x) = 11245*x - 236117. Give y(21).
28
Let k(b) = 188*b**2 - 97*b - 90. Give k(-1).
195
Let i(l) = l**2 - 2832*l + 1948833. Determine i(1179).
-54
Let y(i) = -39*i**2 + 6418*i + 19275. Calculate y(-3).
-330
Let v(l) = -3*l**3 + 44*l**2 + 168*l - 10. Give v(18).
-226
Let u(v) = v**2 + 1821*v + 475575. Calculate u(-316).
-5
Let s(w) = 172*w - 614. Give s(6).
418
Let f(p) = -7686*p - 6956. What is f(-1)?
730
Let p(d) = -171833*d - 2749226. Give p(-16).
102
Let n(b) = 38*b**2 - 787*b + 1853. Determine n(18).
-1
Let x(s) = -79*s**2 + 8444*s + 151. Determine x(107).
-812
Let y(d) = 408*d**2 - 4863*d + 9725. Determine y(2).
1631
Let o(w) = -w**3 + 1568*w**2 + 23743*w - 67. What is o(-15)?
-37
Let r(s) = -28656*s + 40433599. What is r(1411)?
-17
Let b(o) = -2951*o + 11889. Calculate b(4).
85
Let x(j) = -3*j**2 - 275*j - 5146. Determine x(-72).
-898
Let g(h) = h**3 + 157*h**2 - 7197*h - 3694. What is g(-194)?
-8
Let v(u) = -2662*u - 237282. Calculate v(-89).
-364
Let p(q) = 2*q**3 + 24*q**2 - 226*q + 85. Calculate p(6).
25
Let h(x) = 897067*x - 897066. Determine h(1).
1
Let r(b) = -553*b + 991. Calculate r(2).
-115
Let l(s) = -1241378*s + 9931018. Determine l(8).
-6
Let k(h) = 5132*h - 61603. Calculate k(12).
-19
Let x(q) = -170*q**2 - 86028*q - 4056. Calculate x(-506).
-8
Let m(o) = 56483*o - 225936. What is m(4)?
-4
Let s(g) = -g**2 + 2794*g + 8406. What is s(-3)?
15
Let q(b) = -250*b**3 - 18*b**2 - 2*b + 58. What is q(2)?
-2018
Let y(u) = u**2 + 13*u - 3604. Give y(-54).
-1390
Let a(k) = 34*k**3 - 16*k**2 + 309*k - 291. Calculate a(1).
36
Let m(r) = 13935*r - 237265. Give m(17).
-370
Let w(b) = 252*b**2 - 3761*b + 12407. Determine w(10).
-3
Let p(m) = 14*m**3 + 91*m**2 - 11*m - 33. Determine p(-8).
-1289
Let n(c) = 1663037*c - 29934672. Calculate n(18).
-6
Let c(f) = f**3 - 28*f**2 - 376*f + 197. Determine c(-10).
157
Let x(c) = c**3 + 170*c**2 - 7903*c + 206. Determine x(-208).
-2
Let i(y) = y**3 - 36*y**2 - 634*y - 96. Calculate i(49).
51
Let z(c) = -254*c - 1205. What is z(-7)?
573
Let m(q) = q**2 - 399*q - 27681. What is m(-60)?
-141
Let v(x) = -52*x + 1054. What is v(38)?
-922
Let y(f) = 2*f**2 - 148*f + 34. What is y(13)?
-1552
Let u(m) = 1883*m - 1837. What is u(1)?
46
Let g(i) = i**2 + 482*i + 51924. Calculate g(-162).
84
Let o(t) = -3*t**2 + 3039*t - 21258. Determine o(7).
-132
Let z(j) = -j**2 - 5418*j + 113823. Calculate z(21).
-396
Let t(q) = -7*q**2 - 298*q - 3048. What is t(-18)?
48
Let j(x) = -7950*x - 564468. Determine j(-71).
-18
Let q(s) = -2132*s**2 - 14914*s + 40. 